
Calculate the highest common factor of 15237502 and 21.
7
What is the greatest common factor of 1002 and 721539031?
167
What is the greatest common divisor of 435240 and 1846?
26
What is the greatest common factor of 363584 and 25604267?
5681
Calculate the highest common factor of 101442 and 5395082.
1166
What is the greatest common divisor of 66707672 and 6464?
808
What is the greatest common divisor of 2673 and 484622919?
2673
What is the greatest common divisor of 948 and 35083110?
474
Calculate the greatest common divisor of 435 and 5446710.
15
Calculate the highest common factor of 57377 and 595960.
317
What is the greatest common divisor of 1698 and 57342?
6
Calculate the highest common divisor of 347456 and 22570.
122
Calculate the highest common divisor of 405 and 57632415.
15
What is the highest common divisor of 590 and 116121322?
118
What is the greatest common divisor of 974 and 44664718?
974
Calculate the highest common divisor of 5907 and 13678643.
1969
Calculate the highest common factor of 185245762 and 10972.
5486
Calculate the highest common factor of 956 and 14633492.
956
Calculate the highest common divisor of 5 and 540541.
1
Calculate the highest common factor of 4714626 and 784.
14
Calculate the greatest common divisor of 1386 and 635558.
154
What is the highest common divisor of 36350 and 1150?
50
Calculate the greatest common factor of 19844 and 744392.
484
Calculate the highest common divisor of 807 and 87876651.
807
Calculate the greatest common divisor of 3003360 and 123520.
160
Calculate the greatest common factor of 19160546 and 22742.
274
What is the greatest common factor of 974118 and 1200?
6
What is the greatest common divisor of 527 and 2219367?
17
What is the greatest common divisor of 35618064 and 20768?
944
What is the greatest common factor of 15834 and 1105944?
1218
Calculate the highest common divisor of 1779 and 39385281.
1779
What is the greatest common factor of 235418440 and 1205?
1205
Calculate the greatest common divisor of 58560120 and 1440.
360
Calculate the highest common divisor of 17508 and 664772924.
5836
Calculate the greatest common divisor of 688 and 120464672.
688
Calculate the highest common factor of 125937184 and 21472.
1952
What is the greatest common divisor of 24660251 and 255?
17
Calculate the highest common divisor of 1356 and 48912954.
678
Calculate the greatest common factor of 76556668 and 9700.
388
What is the highest common divisor of 29 and 48480141?
29
What is the greatest common divisor of 2667 and 98069781?
381
Calculate the greatest common divisor of 6087690 and 280.
70
Calculate the highest common divisor of 15874194 and 522.
174
Calculate the greatest common factor of 2600014 and 22678.
34
Calculate the greatest common divisor of 159965 and 30709.
107
Calculate the highest common divisor of 9682 and 206001.
47
What is the highest common divisor of 22869 and 156357?
27
Calculate the greatest common factor of 168642 and 1710558.
162
What is the greatest common divisor of 3512 and 898633?
439
Calculate the greatest common divisor of 15176574 and 189.
63
What is the greatest common factor of 33835 and 1028180?
505
What is the highest common factor of 509965 and 14935?
145
What is the greatest common factor of 1784 and 1077313?
223
What is the highest common divisor of 1 and 1916659?
1
Calculate the greatest common divisor of 5389 and 1793586.
317
Calculate the greatest common divisor of 14740214 and 1119.
373
What is the highest common factor of 826840 and 22820?
140
Calculate the highest common factor of 221 and 8584269.
17
What is the highest common divisor of 7054 and 476?
2
What is the highest common factor of 1038600 and 13080?
120
Calculate the highest common divisor of 38399235 and 4185.
465
Calculate the highest common divisor of 10853900 and 62820.
6980
What is the highest common factor of 1338454365 and 15?
15
What is the highest common divisor of 5737531403 and 19?
19
What is the highest common factor of 118818 and 12537?
63
Calculate the highest common factor of 1558338 and 162.
6
What is the highest common divisor of 41230264 and 2008?
2008
Calculate the greatest common factor of 553505840 and 1504.
752
Calculate the greatest common divisor of 590789343 and 3918.
1959
What is the highest common factor of 15862317 and 424?
53
Calculate the greatest common factor of 13 and 701701.
13
Calculate the highest common divisor of 63563 and 5763.
17
Calculate the greatest common divisor of 2741008 and 489.
163
Calculate the greatest common divisor of 144421974 and 354276.
13626
What is the highest common divisor of 18937751 and 1876?
469
What is the greatest common factor of 7057719 and 20898?
1161
Calculate the highest common factor of 4 and 53323320.
4
What is the greatest common factor of 15365802 and 132?
6
What is the greatest common factor of 28825098 and 24?
6
Calculate the greatest common factor of 6209 and 1855553.
7
Calculate the highest common divisor of 52037 and 47447.
17
What is the highest common factor of 5588333 and 1196?
23
Calculate the greatest common factor of 1298112 and 53376.
192
What is the greatest common factor of 17316 and 2656674?
666
What is the highest common divisor of 3 and 5887041?
3
What is the highest common divisor of 32448 and 168324?
2028
Calculate the greatest common factor of 399 and 876476384.
133
Calculate the highest common divisor of 240 and 17906640.
240
What is the highest common divisor of 4500 and 3358980?
180
Calculate the highest common factor of 2140 and 39486210.
1070
What is the greatest common factor of 2242259 and 3616?
113
What is the highest common factor of 22074955 and 560?
35
What is the highest common divisor of 696738 and 8498?
14
Calculate the greatest common factor of 376 and 413937460.
188
What is the highest common divisor of 5772 and 12785292?
156
What is the highest common factor of 38304504 and 280?
56
Calculate the highest common divisor of 6836 and 250790623.
1709
What is the highest common divisor of 129299 and 43976?
239
Calculate the greatest common factor of 3075 and 3774255.
615
Calculate the highest common factor of 1126 and 30191438.
1126
What is the highest common factor of 180 and 107194275?
45
What is the greatest common factor of 21663 and 7870392?
747
Calculate the highest common divisor of 116773098 and 52.
26
What is the highest common factor of 656 and 141358734?
82
Calculate the greatest common divisor of 3098 and 368.
2
What is the highest common factor of 1088 and 195889504?
544
What is the greatest common divisor of 2405 and 558805?
65
Calculate the greatest common factor of 29414040 and 620.
620
Calculate the highest common factor of 5320 and 19901987.
133
Calculate the highest common divisor of 2367144 and 1440.
72
What is the highest common divisor of 96 and 9282924?
12
What is the highest common factor of 1164 and 1036998288?
1164
What is the greatest common divisor of 14679497 and 5864747?
11753
Calculate the highest common factor of 441 and 2439031.
7
What is the greatest common factor of 1117 and 696249557?
1117
What is the greatest common divisor of 32225985 and 15?
15
Calculate the highest common factor of 6175 and 10216375.
325
What is the highest common divisor of 2420 and 15230?
10
Calculate the greatest common factor of 748191128 and 8.
8
Calculate the greatest common divisor of 525383 and 1685.
337
Calculate the greatest common divisor of 8934716 and 28.
28
Calculate the highest common divisor of 2261608 and 5548.
76
Calculate the greatest common factor of 63670 and 7090.
10
What is the highest common divisor of 655549 and 1763?
41
Calculate the highest common factor of 53768 and 1455402.
1222
What is the highest common divisor of 4578 and 8694?
42
What is the highest common divisor of 36621801 and 243?
243
What is the highest common factor of 29984870 and 230?
230
Calculate the greatest common factor of 48 and 14452304.
16
Calculate the highest common factor of 680245 and 370.
185
What is the greatest common factor of 980 and 2177140?
140
What is the greatest common factor of 105699461 and 78561?
8729
Calculate the greatest common divisor of 502700 and 350062.
914
What is the greatest common factor of 212774 and 91348?
1114
What is the greatest common factor o